{"id":1153,"date":"2026-01-10T17:17:10","date_gmt":"2026-01-10T23:17:10","guid":{"rendered":"https:\/\/esp.championforest.org\/updates\/?page_id=1153"},"modified":"2026-01-10T18:02:49","modified_gmt":"2026-01-11T00:02:49","slug":"proximos-pasos-sede-north-klein","status":"publish","type":"page","link":"https:\/\/esp.championforest.org\/updates\/proximos-pasos-sede-north-klein\/","title":{"rendered":"Pr\u00f3ximos Pasos (sede North Klein)"},"content":{"rendered":"\n<p><\/p>\n\n\n\n<div class=\"wp-block-group\"><div class=\"wp-block-group__inner-container is-layout-flow wp-block-group-is-layout-flow\">\n<p><\/p>\n\n\n\n<p class=\"has-text-align-center\" style=\"font-size:18px\"><span style=\"color: #000000;\" class=\"stk-highlight\">\u00a1El Equipo Pastoral de Champion Forest le queremos felicitar por unirse a la experiencia &#8220;Primeros Pasos&#8221;! Este programa de seis sesiones de estudio b\u00edblico para nuevos creyentes le guiar\u00e1 por un hermoso proceso de encuentro con Dios y con su poderosa Palabra: la Biblia! <\/span><\/p>\n\n\n\n<p class=\"has-text-align-left\" style=\"font-size:18px\"><span style=\"color: #000000;\" class=\"stk-highlight\">\u00bfC\u00f3mo puedo participar?<\/span><\/p>\n\n\n\n<ul class=\"wp-block-list\">\n<li class=\"has-vivid-cyan-blue-color has-text-color has-link-color wp-elements-cc542fba83b04155e814f647477824b1\"><span class=\"stk-highlight\" style=\"color: #000000;\">Si desea <strong>facilitar (dar) el discipulado a otra persona,<\/strong> ingrese<\/span> <strong><span class=\"stk-highlight\" style=\"color: #0693e3;\"><a href=\"https:\/\/forms.gle\/Lwb5Gy6hjsGg3Rit7\" target=\"_blank\" rel=\"noreferrer noopener\">AQU\u00cd<\/a><\/span><\/strong><\/li>\n<\/ul>\n\n\n\n<ul class=\"wp-block-list\">\n<li class=\"has-vivid-cyan-blue-color has-text-color has-link-color wp-elements-19a7187ab609af3f5f76089c5382e6c4\"><span class=\"stk-highlight\" style=\"color: #000000;\">Si desea <strong>tomar el curso (que un facilitador le gu\u00ede) y no tiene alguien que lo haga<\/strong>, ingrese<\/span> <strong><span class=\"stk-highlight\" style=\"color: #0693e3;\"><a href=\"https:\/\/forms.gle\/KoD2xB65w7Pbiv1K8\" target=\"_blank\" rel=\"noreferrer noopener\">AQU\u00cd<\/a><\/span><\/strong><\/li>\n<\/ul>\n\n\n\n<p class=\"has-text-align-left\" style=\"font-size:18px\"><span style=\"color: #000000;\" class=\"stk-highlight\">Nota: Si desea tomar el discipulado y <strong>ya cuenta<\/strong> con una persona que le gu\u00ede, solic\u00edtele que \u00e9l\/ella sea quien realice la inscripci\u00f3n por ambos (como facilitador).<\/span><\/p>\n\n\n\n<p class=\"has-text-align-center\"><span style=\"color: #abb8c3;\" class=\"ugb-highlight\">______________________________________________<\/span><\/p>\n<\/div><\/div>\n\n\n\n<p class=\"has-text-align-center\"><span class=\"stk-highlight\" style=\"color: #000000;\">Para m\u00e1s informaci\u00f3n, comentarios o preguntas, escriba a<\/span> <span class=\"ugb-highlight\" style=\"color: #0693e3;\"><a href=\"mailto:azuniga@cfbc.org\">azuniga@cfbc.org<\/a><\/span> <span class=\"stk-highlight\" style=\"color: #000000;\">o llame al 281.8<\/span>01.1200<\/p>\n\n\n\n<div class=\"wp-block-ugb-divider ugb-divider ugb-9a24ee3 ugb-divider--v2 ugb-divider--design-basic ugb-main-block\"><style>.ugb-9a24ee3 hr.ugb-divider__hr{margin-left:auto !important;margin-right:auto !important}.ugb-9a24ee3 .ugb-inner-block{text-align:center}@media screen and (min-width:768px){.ugb-9a24ee3.ugb-divider{margin-bottom:8px !important}}<\/style><div class=\"ugb-inner-block\"><div class=\"ugb-block-content\"><hr class=\"ugb-divider__hr\"\/><\/div><\/div><\/div>\n\n\n\n<p><\/p>\n\n\n<div class=\"wp-block-image is-style-default\">\n<figure class=\"aligncenter size-large is-resized\"><img loading=\"lazy\" decoding=\"async\" width=\"1024\" height=\"245\" src=\"https:\/\/esp.championforest.org\/updates\/wp-content\/uploads\/2023\/05\/ChampionForest_PrimaryLogo_DarkGray-1024x245.png\" alt=\"\" class=\"wp-image-759\" style=\"width:194px;height:46px\" srcset=\"https:\/\/esp.championforest.org\/updates\/wp-content\/uploads\/2023\/05\/ChampionForest_PrimaryLogo_DarkGray-1024x245.png 1024w, https:\/\/esp.championforest.org\/updates\/wp-content\/uploads\/2023\/05\/ChampionForest_PrimaryLogo_DarkGray-300x72.png 300w, https:\/\/esp.championforest.org\/updates\/wp-content\/uploads\/2023\/05\/ChampionForest_PrimaryLogo_DarkGray-768x184.png 768w, https:\/\/esp.championforest.org\/updates\/wp-content\/uploads\/2023\/05\/ChampionForest_PrimaryLogo_DarkGray-1536x367.png 1536w, https:\/\/esp.championforest.org\/updates\/wp-content\/uploads\/2023\/05\/ChampionForest_PrimaryLogo_DarkGray-2048x490.png 2048w\" sizes=\"auto, (max-width: 1024px) 100vw, 1024px\" \/><\/figure>\n<\/div>\n\n\n<p><\/p>\n","protected":false},"excerpt":{"rendered":"<p>\u00a1El Equipo Pastoral de Champion Forest le queremos felicitar por unirse a la experiencia &#8220;Primeros Pasos&#8221;! Este programa de seis sesiones de estudio b\u00edblico para nuevos creyentes le guiar\u00e1 por un hermoso proceso de encuentro con Dios y con su poderosa Palabra: la Biblia! \u00bfC\u00f3mo puedo participar? Nota: Si desea tomar el discipulado y ya &hellip; <a href=\"https:\/\/esp.championforest.org\/updates\/proximos-pasos-sede-north-klein\/\" class=\"more-link\">Continue reading <span class=\"screen-reader-text\">Pr\u00f3ximos Pasos (sede North Klein)<\/span><\/a><\/p>\n","protected":false},"author":3,"featured_media":764,"parent":0,"menu_order":0,"comment_status":"closed","ping_status":"closed","template":"full-width-page.php","meta":{"footnotes":""},"class_list":["post-1153","page","type-page","status-publish","has-post-thumbnail","hentry"],"featured_image_urls":{"full":["https:\/\/esp.championforest.org\/updates\/wp-content\/uploads\/2023\/05\/Background1-1.png",1862,534,false],"thumbnail":["https:\/\/esp.championforest.org\/updates\/wp-content\/uploads\/2023\/05\/Background1-1-150x150.png",150,150,true],"medium":["https:\/\/esp.championforest.org\/updates\/wp-content\/uploads\/2023\/05\/Background1-1-300x86.png",300,86,true],"medium_large":["https:\/\/esp.championforest.org\/updates\/wp-content\/uploads\/2023\/05\/Background1-1-768x220.png",768,220,true],"large":["https:\/\/esp.championforest.org\/updates\/wp-content\/uploads\/2023\/05\/Background1-1-1024x294.png",900,258,true],"1536x1536":["https:\/\/esp.championforest.org\/updates\/wp-content\/uploads\/2023\/05\/Background1-1-1536x441.png",1536,441,true],"2048x2048":["https:\/\/esp.championforest.org\/updates\/wp-content\/uploads\/2023\/05\/Background1-1.png",1862,534,false],"post-thumbnail":["https:\/\/esp.championforest.org\/updates\/wp-content\/uploads\/2023\/05\/Background1-1.png",1862,534,false]},"post_excerpt_stackable":"<p>\u00a1El Equipo Pastoral de Champion Forest le queremos felicitar por unirse a la experiencia &#8220;Primeros Pasos&#8221;! Este programa de seis sesiones de estudio b\u00edblico para nuevos creyentes le guiar\u00e1 por un hermoso proceso de encuentro con Dios y con su poderosa Palabra: la Biblia! \u00bfC\u00f3mo puedo participar? Si desea facilitar (dar) el discipulado a otra persona, ingrese AQU\u00cd Si desea tomar el curso (que un facilitador le gu\u00ede) y no tiene alguien que lo haga, ingrese AQU\u00cd Nota: Si desea tomar el discipulado y ya cuenta con una persona que le gu\u00ede, solic\u00edtele que \u00e9l\/ella sea quien realice la inscripci\u00f3n&hellip;<\/p>\n","category_list":"","author_info":{"name":"Esteban Bauducco","url":"https:\/\/esp.championforest.org\/updates\/author\/adultos\/"},"comments_num":"0 comments","featured_image_urls_v2":{"full":["https:\/\/esp.championforest.org\/updates\/wp-content\/uploads\/2023\/05\/Background1-1.png",1862,534,false],"thumbnail":["https:\/\/esp.championforest.org\/updates\/wp-content\/uploads\/2023\/05\/Background1-1-150x150.png",150,150,true],"medium":["https:\/\/esp.championforest.org\/updates\/wp-content\/uploads\/2023\/05\/Background1-1-300x86.png",300,86,true],"medium_large":["https:\/\/esp.championforest.org\/updates\/wp-content\/uploads\/2023\/05\/Background1-1-768x220.png",768,220,true],"large":["https:\/\/esp.championforest.org\/updates\/wp-content\/uploads\/2023\/05\/Background1-1-1024x294.png",900,258,true],"1536x1536":["https:\/\/esp.championforest.org\/updates\/wp-content\/uploads\/2023\/05\/Background1-1-1536x441.png",1536,441,true],"2048x2048":["https:\/\/esp.championforest.org\/updates\/wp-content\/uploads\/2023\/05\/Background1-1.png",1862,534,false],"post-thumbnail":["https:\/\/esp.championforest.org\/updates\/wp-content\/uploads\/2023\/05\/Background1-1.png",1862,534,false]},"post_excerpt_stackable_v2":"<p>\u00a1El Equipo Pastoral de Champion Forest le queremos felicitar por unirse a la experiencia &#8220;Primeros Pasos&#8221;! Este programa de seis sesiones de estudio b\u00edblico para nuevos creyentes le guiar\u00e1 por un hermoso proceso de encuentro con Dios y con su poderosa Palabra: la Biblia! \u00bfC\u00f3mo puedo participar? Si desea facilitar (dar) el discipulado a otra persona, ingrese AQU\u00cd Si desea tomar el curso (que un facilitador le gu\u00ede) y no tiene alguien que lo haga, ingrese AQU\u00cd Nota: Si desea tomar el discipulado y ya cuenta con una persona que le gu\u00ede, solic\u00edtele que \u00e9l\/ella sea quien realice la inscripci\u00f3n&hellip;<\/p>\n","category_list_v2":"","author_info_v2":{"name":"Esteban Bauducco","url":"https:\/\/esp.championforest.org\/updates\/author\/adultos\/"},"comments_num_v2":"0 comments","_links":{"self":[{"href":"https:\/\/esp.championforest.org\/updates\/wp-json\/wp\/v2\/pages\/1153","targetHints":{"allow":["GET"]}}],"collection":[{"href":"https:\/\/esp.championforest.org\/updates\/wp-json\/wp\/v2\/pages"}],"about":[{"href":"https:\/\/esp.championforest.org\/updates\/wp-json\/wp\/v2\/types\/page"}],"author":[{"embeddable":true,"href":"https:\/\/esp.championforest.org\/updates\/wp-json\/wp\/v2\/users\/3"}],"replies":[{"embeddable":true,"href":"https:\/\/esp.championforest.org\/updates\/wp-json\/wp\/v2\/comments?post=1153"}],"version-history":[{"count":4,"href":"https:\/\/esp.championforest.org\/updates\/wp-json\/wp\/v2\/pages\/1153\/revisions"}],"predecessor-version":[{"id":1178,"href":"https:\/\/esp.championforest.org\/updates\/wp-json\/wp\/v2\/pages\/1153\/revisions\/1178"}],"wp:featuredmedia":[{"embeddable":true,"href":"https:\/\/esp.championforest.org\/updates\/wp-json\/wp\/v2\/media\/764"}],"wp:attachment":[{"href":"https:\/\/esp.championforest.org\/updates\/wp-json\/wp\/v2\/media?parent=1153"}],"curies":[{"name":"wp","href":"https:\/\/api.w.org\/{rel}","templated":true}]}}