{"id":104,"date":"2018-03-01T14:28:55","date_gmt":"2018-03-01T20:28:55","guid":{"rendered":"https:\/\/esp.championforest.org\/media\/all\/?page_id=104"},"modified":"2018-03-01T15:13:04","modified_gmt":"2018-03-01T21:13:04","slug":"sermones-jersey-village","status":"publish","type":"page","link":"https:\/\/esp.championforest.org\/media\/all\/sermones-jersey-village\/","title":{"rendered":"Sermones Jersey Village"},"content":{"rendered":"<div id=\"seriesengine\">\n\t<script src=\"https:\/\/player.vimeo.com\/api\/player.js\"><\/script>\n\t<input type=\"hidden\" name=\"enmse-random\" value=\"1569784224\" class=\"enmse-random\">\n\t<div class=\"enmse-loading-icon\" style=\"display: none;\">\n\t\t<p>Cargando contenido...<\/p>\n\t<\/div>\n\t<div class=\"enmse-copy-link-box\" style=\"display: none;\">\n\t\t<h4>Comparte el enlace de este Mensaje<\/h4>\n\t\t<p>El enlace ha sido copiado en su portapapeles; p\u00e9galo en cualquier lugar donde quieras compartirlo.<\/p>\n\t\t<a href=\"#\" class=\"enmse-copy-link-done\">Cerrar<\/a>\n\t<\/div>\n\t<div class=\"enmse-content-container\" id=\"enmse-top1569784224\">\n\t\t<input type=\"hidden\" name=\"enmse-rrandom\" value=\"1569784224\" class=\"enmse-rrandom\">\n\t\t\t<div class=\"enmse-selector three\">\n\t\t<select name=\"enmse_series\" class=\"enmse_series\">\n\t\t<option value=\"0\">- Buscar Series -<\/option>\n\t\t<option value=\"0\" dir=\"0\">-------------<\/option>\n\t\t<option value=\"&amp;enmse_archives=1\" dir=\"&amp;enmse_archives=1\">Ver archivo de Serie<\/option>\n\t\t<option value=\"&amp;enmse_am=1\" dir=\"&amp;enmse_am=1\">Ver todos los Mensajes<\/option>\t\t<option value=\"0\" dir=\"0\">-------------<\/option>\n\t\t\t\t<option value=\"&amp;enmse_sid=253\">Inquebrantable: Un Estudio del Libro de Daniel - JV<\/option>\n\t\t\t\t<option value=\"&amp;enmse_sid=248\">Creyentes de alto rendimiento<\/option>\n\t\t\t\t<option value=\"&amp;enmse_sid=247\">Cumplidor De Promesas - JV<\/option>\n\t\t\t\t<option value=\"&amp;enmse_sid=244\">Jes\u00fas y _____ - JV<\/option>\n\t\t\t\t<option value=\"&amp;enmse_sid=239\">\u00bfQui\u00e9n es este?<\/option>\n\t\t\t\t<option value=\"&amp;enmse_sid=236\">Limpios para ser usados<\/option>\n\t\t\t\t<option value=\"&amp;enmse_sid=231\">Decepci\u00f3n<\/option>\n\t\t\t\t<option value=\"&amp;enmse_sid=230\">El Proyecto Del Reino - JV<\/option>\n\t\t\t\t<option value=\"&amp;enmse_sid=224\">\u201cNo olvidamos lo que Dios ha hecho\u201d<\/option>\n\t\t\t\t<option value=\"&amp;enmse_sid=222\">Con Nosotros - JV<\/option>\n\t\t\t\t<option value=\"&amp;enmse_sid=219\">El libro de Santiago - JV<\/option>\n\t\t\t\t<option value=\"&amp;enmse_sid=215\">Un Verano En Los Salmos - JV<\/option>\n\t\t\t\t<option value=\"&amp;enmse_sid=212\">Verdades Que Nunca Cambian  - JV<\/option>\n\t\t\t\t<option value=\"&amp;enmse_sid=208\">Celebraci\u00f3n de Resurrecci\u00f3n 2023 - JV<\/option>\n\t\t\t\t<option value=\"&amp;enmse_sid=205\">Palabras en Rojo: Siete ense\u00f1anzas para m\u00ed desde la cruz - JV<\/option>\n\t\t\t\t<option value=\"&amp;enmse_sid=202\">Enfoque - JV<\/option>\n\t\t\t\t<option value=\"&amp;enmse_sid=200\">Evidencias - JV <\/option>\n\t\t\t\t<option value=\"&amp;enmse_sid=196\">D\u00eda de Misiones - JV<\/option>\n\t\t\t\t<option value=\"&amp;enmse_sid=194\">BENDECIR - JV<\/option>\n\t\t\t\t<option value=\"&amp;enmse_sid=190\">Persiguiendo La Sensatez - En un Mundo en Caos - JV<\/option>\n\t\t\t\t<option value=\"&amp;enmse_sid=187\">\u00c9xitos de Verano - JV<\/option>\n\t\t\t\t<option value=\"&amp;enmse_sid=185\">FACE TIME \u2014 Cultivando una conexi\u00f3n genuina - JV<\/option>\n\t\t\t\t<option value=\"&amp;enmse_sid=178\">Celebraci\u00f3n de Resurrecci\u00f3n - JV<\/option>\n\t\t\t\t<option value=\"&amp;enmse_sid=172\">Buenas Noticias - Nace un Salvador - JV<\/option>\n\t\t\t\t<option value=\"&amp;enmse_sid=167\">HACIA ADELANTE  | Un estudio a trav\u00e9s del libro de los Hechos - JV<\/option>\n\t\t\t\t<option value=\"&amp;enmse_sid=163\">Historias Grandiosas del Antiguo Testamento - JV<\/option>\n\t\t\t\t<option value=\"&amp;enmse_sid=159\">Por Siempre Dios - JV<\/option>\n\t\t\t\t<option value=\"&amp;enmse_sid=155\">Feliz D\u00eda de las Madres - JV<\/option>\n\t\t\t\t<option value=\"&amp;enmse_sid=151\">Determinados - JV<\/option>\n\t\t\t\t<option value=\"&amp;enmse_sid=148\">Nunca Igual - JV<\/option>\n\t\t\t\t<option value=\"&amp;enmse_sid=145\">La Iglesia y Su Esencia - JV<\/option>\n\t\t\t\t<option value=\"&amp;enmse_sid=137\">Cuando Dios Interviene - JV<\/option>\n\t\t\t\t<option value=\"&amp;enmse_sid=38\">Otro - Jersey Village<\/option>\n\t\t\n\t<\/select>\n\t\t\t<select name=\"enmse_speakers\" class=\"enmse_speakers\">\n\t\t<option value=\"0\">- Buscar Predicadores -<\/option>\n\t\t\t\t<option value=\"&amp;enmse_spid=15\">Armando Allen<\/option>\n\t\t\t\t<option value=\"&amp;enmse_spid=46\">EMERY BASTIDAS<\/option>\n\t\t\t\t<option value=\"&amp;enmse_spid=21\">Eliel Diaz<\/option>\n\t\t\t\t<option value=\"&amp;enmse_spid=41\">Martin Gonzales<\/option>\n\t\t\t\t<option value=\"&amp;enmse_spid=43\">Job Gonzalez<\/option>\n\t\t\t\t<option value=\"&amp;enmse_spid=44\">DR. Averri Lemalle<\/option>\n\t\t\t\t<option value=\"&amp;enmse_spid=8\">Ramon Medina<\/option>\n\t\t\t\t<option value=\"&amp;enmse_spid=10\">Ivan Orellana<\/option>\n\t\t\t\t<option value=\"&amp;enmse_spid=36\">Jarrett Stephens<\/option>\n\t\t\t\t<option value=\"&amp;enmse_spid=12\">Esteban Vazquez<\/option>\n\t\t\t\t<option value=\"&amp;enmse_spid=42\">Alex  Zu\u00f1iga <\/option>\n\t\t\t<\/select>\n\t\t\t<select name=\"enmse_topics\" class=\"enmse_topics\">\n\t\t<option value=\"0\">- Buscar Temas -<\/option>\n\t\t\t\t<option value=\"&amp;enmse_tid=41\">1 Corintios<\/option>\n\t\t\t\t<option value=\"&amp;enmse_tid=31\">1 Corintios<\/option>\n\t\t\t\t<option value=\"&amp;enmse_tid=49\">1 Reyes<\/option>\n\t\t\t\t<option value=\"&amp;enmse_tid=15\">1 Samuel<\/option>\n\t\t\t\t<option value=\"&amp;enmse_tid=37\">2 Corintios<\/option>\n\t\t\t\t<option value=\"&amp;enmse_tid=14\">2 Cr\u00f3nicas<\/option>\n\t\t\t\t<option value=\"&amp;enmse_tid=45\">2 Timoteo<\/option>\n\t\t\t\t<option value=\"&amp;enmse_tid=32\">Apocalipsis<\/option>\n\t\t\t\t<option value=\"&amp;enmse_tid=28\">Colosenses<\/option>\n\t\t\t\t<option value=\"&amp;enmse_tid=10\">Daniel<\/option>\n\t\t\t\t<option value=\"&amp;enmse_tid=42\">Deuteronomio<\/option>\n\t\t\t\t<option value=\"&amp;enmse_tid=20\">Efesios<\/option>\n\t\t\t\t<option value=\"&amp;enmse_tid=16\">\u00c9xodo<\/option>\n\t\t\t\t<option value=\"&amp;enmse_tid=52\">Filem\u00f3n<\/option>\n\t\t\t\t<option value=\"&amp;enmse_tid=3\">Filipenses<\/option>\n\t\t\t\t<option value=\"&amp;enmse_tid=17\">G\u00e9nesis<\/option>\n\t\t\t\t<option value=\"&amp;enmse_tid=34\">Hebreos<\/option>\n\t\t\t\t<option value=\"&amp;enmse_tid=4\">Hechos<\/option>\n\t\t\t\t<option value=\"&amp;enmse_tid=40\">Hechos <\/option>\n\t\t\t\t<option value=\"&amp;enmse_tid=12\">Isa\u00edas<\/option>\n\t\t\t\t<option value=\"&amp;enmse_tid=50\">Jeremias<\/option>\n\t\t\t\t<option value=\"&amp;enmse_tid=39\">Jon\u00e1s<\/option>\n\t\t\t\t<option value=\"&amp;enmse_tid=24\">Josu\u00e9<\/option>\n\t\t\t\t<option value=\"&amp;enmse_tid=26\">Juan<\/option>\n\t\t\t\t<option value=\"&amp;enmse_tid=6\">Jueces<\/option>\n\t\t\t\t<option value=\"&amp;enmse_tid=18\">Lucas<\/option>\n\t\t\t\t<option value=\"&amp;enmse_tid=43\">Marcos<\/option>\n\t\t\t\t<option value=\"&amp;enmse_tid=2\">Mateo<\/option>\n\t\t\t\t<option value=\"&amp;enmse_tid=38\">Proverbios<\/option>\n\t\t\t\t<option value=\"&amp;enmse_tid=23\">Romanos<\/option>\n\t\t\t\t<option value=\"&amp;enmse_tid=5\">Salmos<\/option>\n\t\t\t\t<option value=\"&amp;enmse_tid=21\">Santiago<\/option>\n\t\t\t\t<option value=\"&amp;enmse_tid=51\">Zacarias<\/option>\n\t\t\t<\/select>\n\t\t<\/div>\n\t\t\t\t\t<!-- Single Message and Related Series Details -->\n<h3 class=\"enmse-message-meta\">Ivan Orellana - September 1, 2024<\/h3>\n<h2 class=\"enmse-message-title\">Dios conoce los misterios de tu vida<\/h2>\n<!-- Display Audio or Video -->\n<div class=\"enmse-player\" >\n    <div class=\"enmse-media-container\">\n\t\t<div class=\"enmse-watch w1569784224\" ><div class=\"enmse-vid-container\"><iframe loading=\"lazy\" title=\"vimeo-player\" src=\"https:\/\/player.vimeo.com\/video\/1006309243#t=0m0s\" width=\"640\" height=\"360\" frameborder=\"0\" allowfullscreen><\/iframe>General tab<\/div><script type=\"text\/javascript\">jQuery(document).ready(function() {var vimeoframe = jQuery(\".w1569784224 iframe\");var player = new Vimeo.Player(vimeoframe);player.on('play', function() {var m = 1323;var newcount = 1;var mtype = \"video\";var posturl = \"https:\/\/esp.championforest.org\/media\/all\/wp-content\/plugins\/seriesengine_plugin\/includes\/viewcount.php\";jQuery.post(posturl, { count: newcount, id: m, type: mtype });jQuery(this).unbind();});});<\/script><\/div>\n\t\t<div class=\"enmse-listen\" style=\"display:none;\"><img decoding=\"async\" src=\"https:\/\/esp.championforest.org\/media\/all\/wp-content\/uploads\/2024\/08\/TITLE-SPAN-1920x1080-1-1000x563.jpg\" alt=\"Inquebrantable: Un Estudio del Libro de Daniel - JV\" border=\"0\" \/><div class=\"enmse-audio\"><a href=\"https:\/\/esp.championforest.org\/media\/all\/wp-content\/uploads\/2024\/09\/SPA-SERMON_2024_0901.mp3\" id=\"enmse-download\"  download>Download<\/a><audio src=\"https:\/\/esp.championforest.org\/media\/all\/wp-content\/uploads\/2024\/09\/SPA-SERMON_2024_0901.mp3\" controls=\"controls\" class=\"enmse-audio-player enmseaplayer\" rel=\"1\" name=\"1323\" preload=\"metadata\"><\/audio><\/div><\/div>\n\t\t<div class=\"enmse-alternate a1569784224\" style=\"display:none;\"><\/div>\n\t<\/div>\n\t<ul class=\"enmse-player-tabs\">\n\t\t<li class=\"enmse-watch-tab enmse-tab-selected\"><a href=\"https:\/\/esp.championforest.org\/media\/all\/sermones-jersey-village\/?enmse=1&amp;enmse_mid=1323\" >Ver<\/a><\/li>\t\t<li class=\"enmse-listen-tab\"><a href=\"https:\/\/esp.championforest.org\/media\/all\/sermones-jersey-village\/?enmse=1&amp;enmse_mid=1323&amp;enmse_av=1\" >Escuchar<\/a><\/li>\t\t\t<\/ul>\n\t<ul class=\"enmse-player-options\">\n\t\t<li class=\"enmse-details\"><a href=\"#\" class=\"enmse-show-details\">Details<\/a><\/li>\n\t\t\t\t<li class=\"enmse-share-this\"><a href=\"#\" class=\"enmse-show-share\">Share<\/a><\/li>\n\t<\/ul>\n\t<div style=\"clear: both;\"><\/div>\n\t<div class=\"enmse-player-details\" style=\"display: none\">\n\t\t\n\t\t\t    <h3>From Serie: \"<em>Inquebrantable: Un Estudio del Libro de Daniel - JV<\/em>\"<\/h3>\t    <p>Acomp\u00e1\u00f1anos en un viaje revelador a trav\u00e9s de los primeros cap\u00edtulos del Libro de Daniel. Nuestra nueva serie, \"Inquebrantable: Un Estudio del Libro de Daniel,\" explora la vida de un hombre cuya fe permaneci\u00f3 firme frente a desaf\u00edos extremos.\r\n\r\nEn un mundo de valores cambiantes y tiempos inciertos, el compromiso inquebrantable de Daniel con Dios nos proporciona un ejemplo poderoso para hoy. Ya sea que est\u00e9s familiarizado con la historia de Daniel o la est\u00e9s conociendo por primera vez, esta serie es para ti. \u00danete a nosotros mientras aprendemos c\u00f3mo desarrollar una fe que es... inquebrantable.<\/p>\t   \t\t\t\t\t<!-- Related Topics -->\n\t\t\t\t<p class=\"enmse-related-topics\"><strong>Related Temas:<\/strong> <a href=\"https:\/\/esp.championforest.org\/media\/all\/sermones-jersey-village\/?enmse=1&amp;enmse_tid=10\" class=\"enmse-topic-ajax\">Daniel<input type=\"hidden\" name=\"enmse-topic-info\" value=\"&amp;enmse_tid=10\" class=\"enmse-topic-info\"><\/a><\/p>\t\t\t\t\t\t<p class=\"enmse-related-topics\"><a href=\"https:\/\/esp.championforest.org\/media\/all\/sermones-jersey-village\/?enmse=1&amp;enmse_spid=10\" class=\"enmse-speaker-ajax\">More Mensajes from Ivan Orellana<input type=\"hidden\" name=\"enmse-speaker-info\" value=\"&amp;enmse_spid=10\" class=\"enmse-speaker-info\"><\/a><\/p>\t<\/div>\n\t<div class=\"enmse-player-extras\" style=\"display: none\">\n\t\t\t<\/div>\n\t<div class=\"enmse-share-details\" style=\"display: none\">\n\t\t\t\t<ul>\n\t<li class=\"enmse-facebook\"><a href=\"http:\/\/www.facebook.com\/sharer\/sharer.php?u=https:\/\/esp.championforest.org\/media\/all\/messages\/dios-conoce-los-misterios-de-tu-vida\/\" target=\"_blank\"><span>Facebook<\/span><\/a><\/li>\n\t<li class=\"enmse-twitter\"><a href=\"https:\/\/twitter.com\/intent\/tweet?text=%22Dios conoce los misterios de tu vida%22%20on%20Media Player:&url=%20https:\/\/esp.championforest.org\/media\/all\/messages\/dios-conoce-los-misterios-de-tu-vida\/\" target=\"_blank\"><span>Twitter<\/span><\/a><\/li>\n\t<li class=\"enmse-share-link\"><a href=\"https:\/\/esp.championforest.org\/media\/all\/messages\/dios-conoce-los-misterios-de-tu-vida\/\"><span>Compartir Enlace<\/span><\/a><input type=\"hidden\" class=\"enmsecopylink\" value=\"https:\/\/esp.championforest.org\/media\/all\/messages\/dios-conoce-los-misterios-de-tu-vida\/\" \/><\/li>\n\t<li class=\"enmse-email\"><a href=\"mailto:TypeEmailHere@address.com?body=https:\/\/esp.championforest.org\/media\/all\/messages\/dios-conoce-los-misterios-de-tu-vida\/\"><span>Enviar Correo Electr\u00f3nico<\/span><\/a><\/li>\n\t<\/div>\n<\/div>\t\n\t\t\t\t\t\t\t<!-- Related Messages -->\n<h3 class=\"enmse-more-title\">M\u00e1s de \"<em>Inquebrantable: Un Estudio del Libro de Daniel - JV<\/em>\"<\/h3>\n\t\t<div class=\"enmse-related-area\" id=\"enmse-related1569784224\">\n\t\t<table class=\"enmse-more-messages\" cellpadding=\"0\" cellspacing=\"0\">\n\t\t\t\t    \t<tr class=\"enmse-odd\">\n\t            <td class=\"enmse-title-cell\">Dios conoce los misterios de tu vida<\/td>\n\t            <td class=\"enmse-date-cell enmse-speaker-cell\">Ivan Orellana<\/td>\n\t            <td class=\"enmse-date-cell\">September 1, 2024<\/td>\n\t\t\t\t<td class=\"enmse-alternate-cell\"><input type=\"hidden\" name=\"enmse-ajax-values\" value=\"&amp;enmse_sid=253&amp;enmse_mid=1323&amp;enmse_xv=1\" class=\"enmse-ajax-values\"><\/td><td class=\"enmse-watch-cell\"><a href=\"https:\/\/esp.championforest.org\/media\/all\/sermones-jersey-village\/?enmse=1&amp;enmse_sid=253&amp;enmse_mid=1323\" class=\"enmse-ajax-link\">Ver<\/a><span class=\"enmse-spacer\">&nbsp;&nbsp;&nbsp;<\/span><input type=\"hidden\" name=\"enmse-ajax-values\" value=\"&amp;enmse_sid=253&amp;enmse_mid=1323\" class=\"enmse-ajax-values\"><\/td><td class=\"enmse-listen-cell\"><a href=\"https:\/\/esp.championforest.org\/media\/all\/sermones-jersey-village\/?enmse=1&amp;enmse_sid=253&amp;enmse_mid=1323&amp;enmse_av=1\" class=\"enmse-ajax-link\">Escuchar<\/a><input type=\"hidden\" name=\"enmse-ajax-values\" value=\"&amp;enmse_sid=253&amp;enmse_mid=1323&amp;enmse_av=1\" class=\"enmse-ajax-values\"><\/td>\t\t\t<\/tr>\n\t\t\t\t    \t<tr class=\"enmse-even\">\n\t            <td class=\"enmse-title-cell\">No es la comida, son tus decisiones<\/td>\n\t            <td class=\"enmse-date-cell enmse-speaker-cell\">Ivan Orellana<\/td>\n\t            <td class=\"enmse-date-cell\">August 25, 2024<\/td>\n\t\t\t\t<td class=\"enmse-alternate-cell\"><input type=\"hidden\" name=\"enmse-ajax-values\" value=\"&amp;enmse_sid=253&amp;enmse_mid=1320&amp;enmse_xv=1\" class=\"enmse-ajax-values\"><\/td><td class=\"enmse-watch-cell\"><a href=\"https:\/\/esp.championforest.org\/media\/all\/sermones-jersey-village\/?enmse=1&amp;enmse_sid=253&amp;enmse_mid=1320\" class=\"enmse-ajax-link\">Ver<\/a><span class=\"enmse-spacer\">&nbsp;&nbsp;&nbsp;<\/span><input type=\"hidden\" name=\"enmse-ajax-values\" value=\"&amp;enmse_sid=253&amp;enmse_mid=1320\" class=\"enmse-ajax-values\"><\/td><td class=\"enmse-listen-cell\"><a href=\"https:\/\/esp.championforest.org\/media\/all\/sermones-jersey-village\/?enmse=1&amp;enmse_sid=253&amp;enmse_mid=1320&amp;enmse_av=1\" class=\"enmse-ajax-link\">Escuchar<\/a><input type=\"hidden\" name=\"enmse-ajax-values\" value=\"&amp;enmse_sid=253&amp;enmse_mid=1320&amp;enmse_av=1\" class=\"enmse-ajax-values\"><\/td>\t\t\t<\/tr>\n\t\t\t\t    \t<tr class=\"enmse-odd\">\n\t            <td class=\"enmse-title-cell\">Conoce bien qui\u00e9n t\u00fa eres y en qui\u00e9n conf\u00edas<\/td>\n\t            <td class=\"enmse-date-cell enmse-speaker-cell\">Ivan Orellana<\/td>\n\t            <td class=\"enmse-date-cell\">August 18, 2024<\/td>\n\t\t\t\t<td class=\"enmse-alternate-cell\"><input type=\"hidden\" name=\"enmse-ajax-values\" value=\"&amp;enmse_sid=253&amp;enmse_mid=1318&amp;enmse_xv=1\" class=\"enmse-ajax-values\"><\/td><td class=\"enmse-watch-cell\"><a href=\"https:\/\/esp.championforest.org\/media\/all\/sermones-jersey-village\/?enmse=1&amp;enmse_sid=253&amp;enmse_mid=1318\" class=\"enmse-ajax-link\">Ver<\/a><span class=\"enmse-spacer\">&nbsp;&nbsp;&nbsp;<\/span><input type=\"hidden\" name=\"enmse-ajax-values\" value=\"&amp;enmse_sid=253&amp;enmse_mid=1318\" class=\"enmse-ajax-values\"><\/td><td class=\"enmse-listen-cell\"><a href=\"https:\/\/esp.championforest.org\/media\/all\/sermones-jersey-village\/?enmse=1&amp;enmse_sid=253&amp;enmse_mid=1318&amp;enmse_av=1\" class=\"enmse-ajax-link\">Escuchar<\/a><input type=\"hidden\" name=\"enmse-ajax-values\" value=\"&amp;enmse_sid=253&amp;enmse_mid=1318&amp;enmse_av=1\" class=\"enmse-ajax-values\"><\/td>\t\t\t<\/tr>\n\t\t\t\t   \t<\/table>\n\t   \t\t<\/div>\n\t\t\t\t\t<input type=\"hidden\" name=\"enmse-embed-options\" value=\"&amp;enmse_lo=1&amp;enmse_a=0&amp;enmse_de=1&amp;enmse_d=0&amp;enmse_sh=0&amp;enmse_ex=0&amp;enmse_dss=0&amp;enmse_dst=0&amp;enmse_dsb=0&amp;enmse_dssp=0&amp;enmse_scm=1&amp;enmse_dsst=5&amp;enmse_dam=0&amp;enmse_sort=DESC&amp;enmse_pag=10&amp;enmse_apag=12&amp;enmse_cv=0&amp;enmse_ddval=three&amp;enmse_hsd=0&amp;enmse_hspd=0&amp;enmse_htd=0&amp;enmse_hbd=1&enmse_hs=0&enmse_hsh=0&enmse_had=0\" class=\"enmse-embed-options\">\n<input type=\"hidden\" name=\"enmse-plugin-url\" value=\"https:\/\/esp.championforest.org\/media\/all\/wp-content\/plugins\/seriesengine_plugin\" class=\"enmse-plugin-url\">\n<input type=\"hidden\" name=\"enmse-permalink\" value=\"https%3A%2F%2Fesp.championforest.org%2Fmedia%2Fall%2Fsermones-jersey-village%2F%3Fenmse%3D1\" class=\"enmse-permalink\">\n<input type=\"hidden\" name=\"enmse-permalinknoajax\" value=\"https:\/\/esp.championforest.org\/media\/all\/sermones-jersey-village\/?enmse=1\" class=\"enmse-permalinknoajax\">\n<input type=\"hidden\" name=\"xxse\" value=\"L2hvbWUvY2ZiY19jb21tcy9lc3AuY2hhbXBpb25mb3Jlc3Qub3JnL21lZGlhL2FsbC8=\" class=\"xxse\" \/>\t\n\t\t<h3 class=\"enmse-poweredby\"><a href=\"http:\/\/seriesengine.com\" target=\"_blank\">Powered by Series Engine<\/a><\/h3>\t\n\t\t<div style=\"clear: right\"><\/div>\n\t<!-- v2.8.9.010326 -->\n\t<\/div>\n<\/div>\n\n","protected":false},"excerpt":{"rendered":"<a href=\"https:\/\/esp.championforest.org\/media\/all\/sermones-jersey-village\/\" class=\"button more-button\">Read More<\/a>","protected":false},"author":2,"featured_media":0,"parent":0,"menu_order":0,"comment_status":"closed","ping_status":"closed","template":"","meta":{"footnotes":""},"class_list":["post-104","page","type-page","status-publish","hentry"],"_links":{"self":[{"href":"https:\/\/esp.championforest.org\/media\/all\/wp-json\/wp\/v2\/pages\/104","targetHints":{"allow":["GET"]}}],"collection":[{"href":"https:\/\/esp.championforest.org\/media\/all\/wp-json\/wp\/v2\/pages"}],"about":[{"href":"https:\/\/esp.championforest.org\/media\/all\/wp-json\/wp\/v2\/types\/page"}],"author":[{"embeddable":true,"href":"https:\/\/esp.championforest.org\/media\/all\/wp-json\/wp\/v2\/users\/2"}],"replies":[{"embeddable":true,"href":"https:\/\/esp.championforest.org\/media\/all\/wp-json\/wp\/v2\/comments?post=104"}],"version-history":[{"count":2,"href":"https:\/\/esp.championforest.org\/media\/all\/wp-json\/wp\/v2\/pages\/104\/revisions"}],"predecessor-version":[{"id":110,"href":"https:\/\/esp.championforest.org\/media\/all\/wp-json\/wp\/v2\/pages\/104\/revisions\/110"}],"wp:attachment":[{"href":"https:\/\/esp.championforest.org\/media\/all\/wp-json\/wp\/v2\/media?parent=104"}],"curies":[{"name":"wp","href":"https:\/\/api.w.org\/{rel}","templated":true}]}}